{"id":3161,"date":"2023-03-06T17:09:04","date_gmt":"2023-03-06T16:09:04","guid":{"rendered":"https:\/\/www.forma-beauty.fr\/?page_id=3161"},"modified":"2025-01-30T18:00:38","modified_gmt":"2025-01-30T17:00:38","slug":"reglement-interieur-formabeauty","status":"publish","type":"page","link":"https:\/\/www.forma-beauty.fr\/index.php\/a-propos\/reglement-interieur-formabeauty\/","title":{"rendered":"R\u00e8glement int\u00e9rieur"},"content":{"rendered":"<h2>I \u2013 PR\u00c9AMBULE<\/h2>\n<p>L\u2019organisme FORMA BEAUTY dirig\u00e9 par Mme Sahbia GARBAA situ\u00e9 rue Charles Gounod, B\u00e2timent Le Gounod, 83500 LA-SEYNE-SUR-MER est enregistr\u00e9 sous le num\u00e9ro de d\u00e9claration d\u2019activit\u00e9 93 83 06 481 83 aupr\u00e8s du Pr\u00e9fet de r\u00e9gion P.A.C.A..<br \/>\nLe pr\u00e9sent R\u00e8glement Int\u00e9rieur a vocation \u00e0 pr\u00e9ciser certaines dispositions s\u2019appliquant \u00e0 tous les inscrits et participants aux diff\u00e9rents stages organis\u00e9s par FORMA BEAUTY dans le but de permettre un fonctionnement optimal r\u00e9gulier des formations propos\u00e9es.<br \/>\nD\u00e9finitions :<br \/>\nFORMA BEAUTY sera d\u00e9nomm\u00e9e ci-apr\u00e8s \u00ab\u00a0organisme de formation\u00a0\u00bb ; les personnes suivant le stage seront d\u00e9nomm\u00e9es ci-apr\u00e8s \u00ab\u00a0stagiaires\u00a0\u00bb ; le directeur de la formation chez FORMA BEAUTY sera ci-apr\u00e8s d\u00e9nomm\u00e9 \u00ab\u00a0le responsable de l\u2019organisme de formation\u00a0\u00bb.<\/p>\n<h2>II &#8211; DISPOSITIONS G\u00c9N\u00c9RALES<\/h2>\n<h3>Article 1<\/h3>\n<p>Conform\u00e9ment aux articles L 6352-3 et suivants et R 6352-1 et suivants du Code de travail, le pr\u00e9sent R\u00e8glement Int\u00e9rieur a pour objet de d\u00e9finir les r\u00e8gles g\u00e9n\u00e9rales et permanentes et de pr\u00e9ciser la r\u00e9glementation en mati\u00e8re d\u2019hygi\u00e8ne et de s\u00e9curit\u00e9 ainsi que les r\u00e8gles relatives \u00e0 la discipline, notamment les sanctions applicables aux stagiaires et les droits de ceux-ci en cas de sanction.<\/p>\n<h2>III &#8211; CHAMP D&rsquo;APPLICATION<\/h2>\n<h3>Article 2 : Personnes concern\u00e9es<\/h3>\n<p>Le pr\u00e9sent R\u00e8glement s\u2019applique \u00e0 tous les stagiaires inscrits \u00e0 une session dispens\u00e9e par FORMA BEAUTY et ce, pour toute la dur\u00e9e de la formation suivie. Chaque stagiaire est consid\u00e9r\u00e9 comme ayant accept\u00e9 les termes du pr\u00e9sent r\u00e8glement lorsqu&rsquo;il suit une formation dispens\u00e9e par FORMA BEAUTY et accepte que des mesures soient prises \u00e0 son \u00e9gard en cas d&rsquo;inobservation de ce dernier.<\/p>\n<h3>Article 3 : Lieu de la formation<\/h3>\n<p>La formation aura lieu soit dans le centre de formation FORMA BEAUTY situ\u00e9 79, impasse la Proven\u00e7ale 83500 LA SEYNE-SUR-MER.<\/p>\n<h2>IV &#8211; HYGIENE ET S\u00c9CURIT\u00c9<\/h2>\n<h3>Article 4 : R\u00e8gles g\u00e9n\u00e9rales<\/h3>\n<p>Chaque stagiaire doit veiller \u00e0 sa s\u00e9curit\u00e9 personnelle et \u00e0 celle des autres en respectant les consignes g\u00e9n\u00e9rales et particuli\u00e8res de s\u00e9curit\u00e9 et d\u2019hygi\u00e8ne en vigueur sur le lieu de formation.<\/p>\n<h3>Article 5 : Boissons alcoolis\u00e9es<\/h3>\n<p>Il est interdit aux stagiaires de p\u00e9n\u00e9trer ou de s\u00e9journer dans l\u2019\u00e9tablissement en \u00e9tat d\u2019ivresse ainsi que d\u2019y introduire des boissons alcoolis\u00e9es.<\/p>\n<h3>Article 6 : Interdiction de fumer<\/h3>\n<p>En application du d\u00e9cret n\u00b0 2006 \u2013 1386 du 15 novembre 2006 fixant les conditions d&rsquo;application de l&rsquo;interdiction de fumer dans les lieux affect\u00e9s \u00e0 un usage collectif, il est interdit de fumer dans les locaux de formation.<\/p>\n<h3>Article 7 : Lieux de restauration<\/h3>\n<p>FORMA BEAUTY ne dispose pas de lieux de restauration. Il est propos\u00e9 aux stagiaires de prendre un repas en commun dans un des restaurants de proximit\u00e9, \u00e0 leurs frais ou \u00e0 ceux de leur employeur. Une personne de l\u2019organisme FORMA BEAUTY pourra accompagner le groupe, dans la mesure du possible, au restaurant. Les personnes effectuent le d\u00e9placement sous leur propre responsabilit\u00e9 individuelle.<\/p>\n<h3>Article 8 : Consignes d\u2019incendie<\/h3>\n<p>Conform\u00e9ment aux articles R. 4227-28 et suivants du Code du travail, les consignes d&rsquo;incendie et notamment un plan de localisation des extincteurs et des issues de secours sont affich\u00e9s dans les locaux de formation de mani\u00e8re \u00e0 \u00eatre connus de tous les stagiaires. Les stagiaires sont tenus d\u2019ex\u00e9cuter sans d\u00e9lai l\u2019ordre d\u2019\u00e9vacuation donn\u00e9 par l\u2019animateur du stage. Les consignes, en vigueur dans l\u2019\u00e9tablissement, \u00e0 observer en cas de p\u00e9ril et sp\u00e9cialement d\u2019incendie, doivent \u00eatre scrupuleusement respect\u00e9es.<\/p>\n<h3>Article 9 : Accident<\/h3>\n<p>Tout accident ou incident survenu \u00e0 l&rsquo;occasion ou en cours de formation doit \u00eatre imm\u00e9diatement d\u00e9clar\u00e9 par le stagiaire accident\u00e9 ou les personnes t\u00e9moins de l&rsquo;accident, au responsable de l&rsquo;organisme de formation. Conform\u00e9ment \u00e0 l&rsquo;article R. 6342-3 du Code du travail, l&rsquo;accident survenu au stagiaire pendant qu&rsquo;il se trouve sur le lieu de formation ou pendant qu&rsquo;il s&rsquo;y rend ou en revient, fait l&rsquo;objet d&rsquo;une d\u00e9claration par le responsable de l\u2019organisme de formation aupr\u00e8s de la caisse de s\u00e9curit\u00e9 sociale.<\/p>\n<h2>V- DISCIPLINE<\/h2>\n<h3>Article 10 : Tenue et comportement<\/h3>\n<p>Les stagiaires sont invit\u00e9s \u00e0 se pr\u00e9senter au lieu de formation en tenue d\u00e9cente et \u00e0 avoir un comportement correct \u00e0 l&rsquo;\u00e9gard de toute personne pr\u00e9sente.<\/p>\n<h3>Article 11 : Horaires de stage<\/h3>\n<p>Les horaires de stage sont fix\u00e9s par FORMA BEAUTY et port\u00e9s \u00e0 la connaissance des stagiaires par la convocation (faite par t\u00e9l\u00e9phone, mail, partage d\u2019agenda ou courrier papier selon les d\u00e9lais impartis). Les stagiaires sont tenus de respecter ces horaires. FORMA BEAUTY se r\u00e9serve, dans les limites impos\u00e9es par les dispositions en vigueur, le droit de modifier les horaires de stage en fonction des n\u00e9cessit\u00e9s de service.<br \/>\nLes stagiaires doivent se conformer aux modifications apport\u00e9es par FORMA BEAUTY aux horaires d\u2019organisation du stage. En cas d&rsquo;absence ou de retard au stage, il est pr\u00e9f\u00e9rable pour le stagiaire d\u2019en avertir FORMA BEAUTY par t\u00e9l\u00e9phone au 04 94 87 12 69 ou par mail \u00e0 &#102;&#x6f;r&#x6d;&#x61;&#98;&#x65;a&#117;&#x74;&#121;&#x6c;a&#115;&#x65;y&#x6e;e&#64;&#x67;m&#x61;&#x69;&#108;&#x2e;c&#111;&#x6d;. Par ailleurs, une fiche de pr\u00e9sence doit \u00eatre sign\u00e9e par le stagiaire au d\u00e9but de chaque demi-journ\u00e9e (matin et apr\u00e8s-midi). L\u2019employeur du stagiaire est inform\u00e9 des absences dans les meilleurs d\u00e9lais qui suivent la connaissance par l\u2019organisme de formation.<\/p>\n<h3>Article 12 : Acc\u00e8s aux locaux de l\u2019organisme<\/h3>\n<p>Les stagiaires ont acc\u00e8s \u00e0 l\u2019\u00e9tablissement exclusivement pour suivre le stage auquel ils sont inscrits. Ils ne peuvent y entrer ou y demeurer \u00e0 d\u2019autres fins, sauf autorisation de la direction. Il leur est interdit d\u2019\u00eatre accompagn\u00e9s de personnes non inscrites au stage qu\u2019ils suivent (membres de la famille, amis\u2026), d\u2019introduire dans l\u2019\u00e9tablissement un animal, m\u00eame de tr\u00e8s petite taille, de causer du d\u00e9sordre et, d\u2019une mani\u00e8re g\u00e9n\u00e9rale, de faire obstacle au bon d\u00e9roulement du stage.<br \/>\nLes stages r\u00e9alis\u00e9s sur le lieu de travail du stagiaire n\u2019ont d\u2019autres objectifs que ceux d\u00e9finis dans le devis\/convention de stage et m\u00eame si des documents, salle ou tout autre outil sont utilis\u00e9s dans le cadre de la formation, ils ne peuvent que servir \u00e0 la formation dans les horaires impartis.<\/p>\n<h3>Article 13 : Usage du mat\u00e9riel<\/h3>\n<p>Chaque stagiaire a l&rsquo;obligation de conserver en bon \u00e9tat le mat\u00e9riel qui pourrait lui \u00eatre confi\u00e9 en vue de sa formation. Les stagiaires sont tenus d&rsquo;utiliser le mat\u00e9riel conform\u00e9ment \u00e0 son objet. L\u2019utilisation du mat\u00e9riel \u00e0 d&rsquo;autres fins, notamment personnelles est interdite, sauf pour le mat\u00e9riel mis \u00e0 disposition \u00e0 cet effet. A la fin du stage, le stagiaire est tenu de restituer tout mat\u00e9riel et document en sa possession appartenant \u00e0 l\u2019organisme de formation, sauf les documents p\u00e9dagogiques distribu\u00e9s en cours de formation.<\/p>\n<h3>Article 14 : Enregistrements<\/h3>\n<p>Il est formellement interdit, sauf d\u00e9rogation expresse, d\u2019enregistrer ou de filmer les sessions de formation.<\/p>\n<h3>Article 15 : Documentation p\u00e9dagogique<\/h3>\n<p>La documentation p\u00e9dagogique remise lors des sessions de formation est prot\u00e9g\u00e9e au titre des droits d\u2019auteur et ne peut \u00eatre r\u00e9utilis\u00e9e autrement que pour un strict usage personnel. Sont notamment interdits leur reproduction par quelque proc\u00e9d\u00e9 que ce soit.<\/p>\n<h3>Article 16 : Responsabilit\u00e9 de l&rsquo;organisme en cas de vol ou de dommages aux biens personnels des stagiaires<\/h3>\n<p>FORMA BEAUTY d\u00e9cline toute responsabilit\u00e9 en cas de perte, vol ou d\u00e9t\u00e9rioration des objets personnels de toute nature d\u00e9pos\u00e9s par les stagiaires dans les locaux de formation.<\/p>\n<h3>Article 17 : Sanctions et proc\u00e9dures disciplinaires<\/h3>\n<p>Tout manquement du stagiaire \u00e0 l&rsquo;une des dispositions du pr\u00e9sent R\u00e8glement Int\u00e9rieur pourra faire l&rsquo;objet d&rsquo;une sanction ou d\u2019une proc\u00e9dure disciplinaire r\u00e9gies par les articles R 6352-3 \u00e0 R 6532-8 du code du travail reproduits \u00e0 la suite.<\/p>\n<h4>Article R6352-3<\/h4>\n<p>&#8211; Constitue une sanction toute mesure, autre que les observations verbales, prise par le directeur de l&rsquo;organisme de formation ou son repr\u00e9sentant, \u00e0 la suite d&rsquo;un agissement du stagiaire consid\u00e9r\u00e9 par lui comme fautif, que cette mesure soit de nature \u00e0 affecter imm\u00e9diatement ou non la pr\u00e9sence de l&rsquo;int\u00e9ress\u00e9 dans le stage ou \u00e0 mettre en cause la continuit\u00e9 de la formation qu&rsquo;il re\u00e7oit. Les amendes ou autres sanctions p\u00e9cuniaires sont interdites.<\/p>\n<h4>Article R6352-4<\/h4>\n<p>&#8211; Aucune sanction ne peut \u00eatre inflig\u00e9e au stagiaire sans que celui-ci ait \u00e9t\u00e9 inform\u00e9 au pr\u00e9alable des griefs retenus contre lui.<\/p>\n<h4>Article R6352-5<\/h4>\n<p>&#8211; Lorsque le directeur de l&rsquo;organisme de formation ou son repr\u00e9sentant envisage de prendre une sanction qui a une incidence, imm\u00e9diate ou non, sur la pr\u00e9sence d&rsquo;un stagiaire dans une formation, il est proc\u00e9d\u00e9 comme suit :<\/p>\n<ol>\n<li>Le directeur ou son repr\u00e9sentant convoque le stagiaire en lui indiquant l&rsquo;objet de cette convocation. Celle-ci pr\u00e9cise la date, l&rsquo;heure et le lieu de l&rsquo;entretien. Elle est \u00e9crite et est adress\u00e9e par lettre recommand\u00e9e ou remise \u00e0 l&rsquo;int\u00e9ress\u00e9 contre d\u00e9charge ;<\/li>\n<li>Au cours de l&rsquo;entretien, le stagiaire peut se faire assister par la personne de son choix, notamment le d\u00e9l\u00e9gu\u00e9 de stage. La convocation mentionn\u00e9e au 1\u00b0 fait \u00e9tat de cette facult\u00e9 ;<\/li>\n<li>Le directeur ou son repr\u00e9sentant indique le motif de la sanction envisag\u00e9e et recueille les explications du stagiaire.<\/li>\n<\/ol>\n<h4>Article R6352-6<\/h4>\n<p>&#8211; La sanction ne peut intervenir moins d&rsquo;un jour franc ni plus de quinze jours apr\u00e8s l&rsquo;entretien. Elle fait l&rsquo;objet d&rsquo;une d\u00e9cision \u00e9crite et motiv\u00e9e, notifi\u00e9e au stagiaire par lettre recommand\u00e9e ou remise contre r\u00e9c\u00e9piss\u00e9.<\/p>\n<h4>Article R6352-7<\/h4>\n<p>Lorsque l&rsquo;agissement a rendu indispensable une mesure conservatoire d&rsquo;exclusion temporaire \u00e0 effet imm\u00e9diat, aucune sanction d\u00e9finitive, relative \u00e0 cet agissement, ne peut \u00eatre prise sans que la proc\u00e9dure pr\u00e9vue \u00e0 l&rsquo;article R. 6352-4 et, \u00e9ventuellement, aux articles R. 6352-5 et R. 6352-6, ait \u00e9t\u00e9 observ\u00e9e.<\/p>\n<h4>Article R6352-8<\/h4>\n<p>&#8211; Le directeur de l&rsquo;organisme de formation informe de la sanction prise :<\/p>\n<ol>\n<li>L&#8217;employeur, lorsque le stagiaire est un salari\u00e9 b\u00e9n\u00e9ficiant d&rsquo;une action de formation dans le cadre du plan de formation d&rsquo;une entreprise ;<\/li>\n<li>L&#8217;employeur et l&rsquo;op\u00e9rateur de comp\u00e9tences, OPCO, qui a pris en charge les d\u00e9penses de la formation, lorsque le stagiaire est un salari\u00e9 b\u00e9n\u00e9ficiant d&rsquo;un cong\u00e9 individuel de formation ;<\/li>\n<li>L&rsquo;op\u00e9rateur de comp\u00e9tences, OPCO, qui a assur\u00e9 le financement de l&rsquo;action de formation dont a b\u00e9n\u00e9fici\u00e9 le stagiaire.<\/li>\n<\/ol>\n","protected":false},"excerpt":{"rendered":"<p>I \u2013 PR\u00c9AMBULE L\u2019organisme FORMA BEAUTY dirig\u00e9 par Mme Sahbia GARBAA situ\u00e9 rue Charles Gounod, B\u00e2timent Le Gounod, 83500 LA-SEYNE-SUR-MER est enregistr\u00e9 sous le num\u00e9ro de d\u00e9claration d\u2019activit\u00e9 93 83 06 481 83 aupr\u00e8s du Pr\u00e9fet de r\u00e9gion P.A.C.A.. Le pr\u00e9sent R\u00e8glement Int\u00e9rieur a vocation \u00e0 pr\u00e9ciser certaines dispositions s\u2019appliquant \u00e0 tous les inscrits et&hellip;<\/p>\n","protected":false},"author":5,"featured_media":0,"parent":7,"menu_order":27,"comment_status":"closed","ping_status":"closed","template":"","meta":{"footnotes":""},"class_list":["post-3161","page","type-page","status-publish","hentry","description-off"],"yoast_head":"<!-- This site is optimized with the Yoast SEO plugin v27.4 - https:\/\/yoast.com\/product\/yoast-seo-wordpress\/ -->\n<title>R\u00e8glement int\u00e9rieur - Forma Beauty<\/title>\n<meta name=\"description\" content=\"R\u00e8glement int\u00e9rieur du centre de formation Forma Beauty beaut\u00e9 esth\u00e9tique \u00e0 la Seyne-sur-mer\" \/>\n<meta name=\"robots\" content=\"index, follow, max-snippet:-1, max-image-preview:large, max-video-preview:-1\" \/>\n<link rel=\"canonical\" href=\"https:\/\/www.forma-beauty.fr\/index.php\/a-propos\/reglement-interieur-formabeauty\/\" \/>\n<meta property=\"og:locale\" content=\"fr_FR\" \/>\n<meta property=\"og:type\" content=\"article\" \/>\n<meta property=\"og:title\" content=\"R\u00e8glement int\u00e9rieur - Forma Beauty\" \/>\n<meta property=\"og:description\" content=\"R\u00e8glement int\u00e9rieur du centre de formation Forma Beauty beaut\u00e9 esth\u00e9tique \u00e0 la Seyne-sur-mer\" \/>\n<meta property=\"og:url\" content=\"https:\/\/www.forma-beauty.fr\/index.php\/a-propos\/reglement-interieur-formabeauty\/\" \/>\n<meta property=\"og:site_name\" content=\"Forma Beauty\" \/>\n<meta property=\"article:modified_time\" content=\"2025-01-30T17:00:38+00:00\" \/>\n<meta name=\"twitter:card\" content=\"summary_large_image\" \/>\n<script type=\"application\/ld+json\" class=\"yoast-schema-graph\">{\"@context\":\"https:\\\/\\\/schema.org\",\"@graph\":[{\"@type\":\"WebPage\",\"@id\":\"https:\\\/\\\/www.forma-beauty.fr\\\/index.php\\\/a-propos\\\/reglement-interieur-formabeauty\\\/\",\"url\":\"https:\\\/\\\/www.forma-beauty.fr\\\/index.php\\\/a-propos\\\/reglement-interieur-formabeauty\\\/\",\"name\":\"R\u00e8glement int\u00e9rieur - Forma Beauty\",\"isPartOf\":{\"@id\":\"https:\\\/\\\/www.forma-beauty.fr\\\/#website\"},\"datePublished\":\"2023-03-06T16:09:04+00:00\",\"dateModified\":\"2025-01-30T17:00:38+00:00\",\"description\":\"R\u00e8glement int\u00e9rieur du centre de formation Forma Beauty beaut\u00e9 esth\u00e9tique \u00e0 la Seyne-sur-mer\",\"breadcrumb\":{\"@id\":\"https:\\\/\\\/www.forma-beauty.fr\\\/index.php\\\/a-propos\\\/reglement-interieur-formabeauty\\\/#breadcrumb\"},\"inLanguage\":\"fr-FR\",\"potentialAction\":[{\"@type\":\"ReadAction\",\"target\":[\"https:\\\/\\\/www.forma-beauty.fr\\\/index.php\\\/a-propos\\\/reglement-interieur-formabeauty\\\/\"]}]},{\"@type\":\"BreadcrumbList\",\"@id\":\"https:\\\/\\\/www.forma-beauty.fr\\\/index.php\\\/a-propos\\\/reglement-interieur-formabeauty\\\/#breadcrumb\",\"itemListElement\":[{\"@type\":\"ListItem\",\"position\":1,\"name\":\"Accueil\",\"item\":\"https:\\\/\\\/www.forma-beauty.fr\\\/\"},{\"@type\":\"ListItem\",\"position\":2,\"name\":\"\u00c0 propos\",\"item\":\"https:\\\/\\\/www.forma-beauty.fr\\\/index.php\\\/a-propos\\\/\"},{\"@type\":\"ListItem\",\"position\":3,\"name\":\"R\u00e8glement int\u00e9rieur\"}]},{\"@type\":\"WebSite\",\"@id\":\"https:\\\/\\\/www.forma-beauty.fr\\\/#website\",\"url\":\"https:\\\/\\\/www.forma-beauty.fr\\\/\",\"name\":\"Forma Beauty\",\"description\":\"Centre de formation Beaut\u00e9\",\"potentialAction\":[{\"@type\":\"SearchAction\",\"target\":{\"@type\":\"EntryPoint\",\"urlTemplate\":\"https:\\\/\\\/www.forma-beauty.fr\\\/?s={search_term_string}\"},\"query-input\":{\"@type\":\"PropertyValueSpecification\",\"valueRequired\":true,\"valueName\":\"search_term_string\"}}],\"inLanguage\":\"fr-FR\"}]}<\/script>\n<!-- \/ Yoast SEO plugin. -->","yoast_head_json":{"title":"R\u00e8glement int\u00e9rieur - Forma Beauty","description":"R\u00e8glement int\u00e9rieur du centre de formation Forma Beauty beaut\u00e9 esth\u00e9tique \u00e0 la Seyne-sur-mer","robots":{"index":"index","follow":"follow","max-snippet":"max-snippet:-1","max-image-preview":"max-image-preview:large","max-video-preview":"max-video-preview:-1"},"canonical":"https:\/\/www.forma-beauty.fr\/index.php\/a-propos\/reglement-interieur-formabeauty\/","og_locale":"fr_FR","og_type":"article","og_title":"R\u00e8glement int\u00e9rieur - Forma Beauty","og_description":"R\u00e8glement int\u00e9rieur du centre de formation Forma Beauty beaut\u00e9 esth\u00e9tique \u00e0 la Seyne-sur-mer","og_url":"https:\/\/www.forma-beauty.fr\/index.php\/a-propos\/reglement-interieur-formabeauty\/","og_site_name":"Forma Beauty","article_modified_time":"2025-01-30T17:00:38+00:00","twitter_card":"summary_large_image","schema":{"@context":"https:\/\/schema.org","@graph":[{"@type":"WebPage","@id":"https:\/\/www.forma-beauty.fr\/index.php\/a-propos\/reglement-interieur-formabeauty\/","url":"https:\/\/www.forma-beauty.fr\/index.php\/a-propos\/reglement-interieur-formabeauty\/","name":"R\u00e8glement int\u00e9rieur - Forma Beauty","isPartOf":{"@id":"https:\/\/www.forma-beauty.fr\/#website"},"datePublished":"2023-03-06T16:09:04+00:00","dateModified":"2025-01-30T17:00:38+00:00","description":"R\u00e8glement int\u00e9rieur du centre de formation Forma Beauty beaut\u00e9 esth\u00e9tique \u00e0 la Seyne-sur-mer","breadcrumb":{"@id":"https:\/\/www.forma-beauty.fr\/index.php\/a-propos\/reglement-interieur-formabeauty\/#breadcrumb"},"inLanguage":"fr-FR","potentialAction":[{"@type":"ReadAction","target":["https:\/\/www.forma-beauty.fr\/index.php\/a-propos\/reglement-interieur-formabeauty\/"]}]},{"@type":"BreadcrumbList","@id":"https:\/\/www.forma-beauty.fr\/index.php\/a-propos\/reglement-interieur-formabeauty\/#breadcrumb","itemListElement":[{"@type":"ListItem","position":1,"name":"Accueil","item":"https:\/\/www.forma-beauty.fr\/"},{"@type":"ListItem","position":2,"name":"\u00c0 propos","item":"https:\/\/www.forma-beauty.fr\/index.php\/a-propos\/"},{"@type":"ListItem","position":3,"name":"R\u00e8glement int\u00e9rieur"}]},{"@type":"WebSite","@id":"https:\/\/www.forma-beauty.fr\/#website","url":"https:\/\/www.forma-beauty.fr\/","name":"Forma Beauty","description":"Centre de formation Beaut\u00e9","potentialAction":[{"@type":"SearchAction","target":{"@type":"EntryPoint","urlTemplate":"https:\/\/www.forma-beauty.fr\/?s={search_term_string}"},"query-input":{"@type":"PropertyValueSpecification","valueRequired":true,"valueName":"search_term_string"}}],"inLanguage":"fr-FR"}]}},"_links":{"self":[{"href":"https:\/\/www.forma-beauty.fr\/index.php\/wp-json\/wp\/v2\/pages\/3161","targetHints":{"allow":["GET"]}}],"collection":[{"href":"https:\/\/www.forma-beauty.fr\/index.php\/wp-json\/wp\/v2\/pages"}],"about":[{"href":"https:\/\/www.forma-beauty.fr\/index.php\/wp-json\/wp\/v2\/types\/page"}],"author":[{"embeddable":true,"href":"https:\/\/www.forma-beauty.fr\/index.php\/wp-json\/wp\/v2\/users\/5"}],"replies":[{"embeddable":true,"href":"https:\/\/www.forma-beauty.fr\/index.php\/wp-json\/wp\/v2\/comments?post=3161"}],"version-history":[{"count":4,"href":"https:\/\/www.forma-beauty.fr\/index.php\/wp-json\/wp\/v2\/pages\/3161\/revisions"}],"predecessor-version":[{"id":5133,"href":"https:\/\/www.forma-beauty.fr\/index.php\/wp-json\/wp\/v2\/pages\/3161\/revisions\/5133"}],"up":[{"embeddable":true,"href":"https:\/\/www.forma-beauty.fr\/index.php\/wp-json\/wp\/v2\/pages\/7"}],"wp:attachment":[{"href":"https:\/\/www.forma-beauty.fr\/index.php\/wp-json\/wp\/v2\/media?parent=3161"}],"curies":[{"name":"wp","href":"https:\/\/api.w.org\/{rel}","templated":true}]}}