{"id":2797,"date":"2022-03-14T16:22:41","date_gmt":"2022-03-14T15:22:41","guid":{"rendered":"https:\/\/www.forma-beauty.fr\/?page_id=2797"},"modified":"2025-04-18T14:50:14","modified_gmt":"2025-04-18T12:50:14","slug":"accessibilite-aux-personnes-situation-handicap","status":"publish","type":"page","link":"https:\/\/www.forma-beauty.fr\/index.php\/a-propos\/accessibilite-aux-personnes-situation-handicap\/","title":{"rendered":"Accessibilit\u00e9 aux personnes en situation de handicap"},"content":{"rendered":"\n<h2 class=\"wp-block-heading\" id=\"pour-les-demandeurs-d-emploi\">R\u00e9f\u00e9rent Handicap<\/h2>\n\n\n\n<p>Mme Sahbia GARBAA est R\u00e9f\u00e9rent Handicap.<\/p>\n\n\n\n<h2 class=\"wp-block-heading\">Notre engagement<\/h2>\n\n\n\n<p>Lors de l\u2019inscription,<\/p>\n\n\n\n<ul class=\"wp-block-list\">\n<li>le centre fournit un questionnaire afin d\u2019\u00e9valuer au mieux le handicap du candidat.<\/li>\n\n\n\n<li>Par suite, si nous avons la capacit\u00e9 de nous adapter au Handicap de celui-ci, nous proc\u00e9dons \u00e0 l\u2019inscription.<\/li>\n<\/ul>\n\n\n\n<p>Si malheureusement le Handicap n\u2019est pas associable avec le stage de formation souhait\u00e9, nous serons dans l\u2019obligation de refuser le dossier d\u2019inscription.<br>Nous aiderons le candidat \u00e0 se r\u00e9-orienter.<\/p>\n\n\n\n<h2 class=\"wp-block-heading\">Guide des associations sp\u00e9cialis\u00e9es dans le handicap<\/h2>\n\n\n\n<p><a href=\"https:\/\/www.capemploi-83.com\/\">CAP EMPLOI<\/a> Projet Professionnel \/ aide pour un retour \u00e0 l\u2019emploi<\/p>\n\n\n\n<p><a href=\"https:\/\/mdph.var.fr\/\">MDPH 83<\/a> Maison D\u00e9partemental des Personnes Handicap\u00e9es<\/p>\n\n\n\n<ul class=\"wp-block-list\">\n<li>Organisme d\u00e9cisionnaire<\/li>\n\n\n\n<li>Lieu d\u2019informations<\/li>\n\n\n\n<li>\u00c9tudie les demandes de Prestations (Invalidit\u00e9, allocation, reconnaissance du statut Travailleur handicap\u00e9\u2026)<\/li>\n<\/ul>\n\n\n\n<p><a href=\"https:\/\/www.agefiph.fr\">AGEFIPH<\/a> Accompagne dans les d\u00e9marches et aides financi\u00e8res &#8211; T\u00e9l\u00e9chargez le document <a href=\"https:\/\/www.agefiph.fr\/sites\/default\/files\/medias\/fichiers\/2024-06\/Agefiph-RHF-contacts_2024-06.pdf\" target=\"_blank\" rel=\"noopener\">Ressource Handicap Formation<\/a><\/p>\n\n\n\n<p><a href=\"https:\/\/www.apajh.org\/#\/\">APAJH<\/a> Veille \u00e0 faire respecter les droits et l\u2019accessibilit\u00e9 aux personnes en situation de handicap<\/p>\n\n\n\n<p><a href=\"http:\/\/apf-francehandicap.org\">APF France Handicap<\/a> Soutenir, agir, accompagner et d\u00e9fendre<\/p>\n","protected":false},"excerpt":{"rendered":"<p>R\u00e9f\u00e9rent Handicap Mme Sahbia GARBAA est R\u00e9f\u00e9rent Handicap. Notre engagement Lors de l\u2019inscription, Si malheureusement le Handicap n\u2019est pas associable avec le stage de formation souhait\u00e9, nous serons dans l\u2019obligation de refuser le dossier d\u2019inscription.Nous aiderons le candidat \u00e0 se r\u00e9-orienter. Guide des associations sp\u00e9cialis\u00e9es dans le handicap CAP EMPLOI Projet Professionnel \/ aide pour&hellip;<\/p>\n","protected":false},"author":5,"featured_media":0,"parent":7,"menu_order":30,"comment_status":"closed","ping_status":"closed","template":"","meta":{"footnotes":""},"class_list":["post-2797","page","type-page","status-publish","hentry","description-off"],"yoast_head":"<!-- This site is optimized with the Yoast SEO plugin v27.4 - https:\/\/yoast.com\/product\/yoast-seo-wordpress\/ -->\n<title>Accessibilit\u00e9 aux personnes en situation de handicap - Forma Beauty<\/title>\n<meta name=\"description\" content=\"Formabeauty vous informe \u00e0 propos de l&#039;accessibilit\u00e9 aux personnes en situation de handicap\" \/>\n<meta name=\"robots\" content=\"index, follow, max-snippet:-1, max-image-preview:large, max-video-preview:-1\" \/>\n<link rel=\"canonical\" href=\"https:\/\/www.forma-beauty.fr\/index.php\/a-propos\/accessibilite-aux-personnes-situation-handicap\/\" \/>\n<meta property=\"og:locale\" content=\"fr_FR\" \/>\n<meta property=\"og:type\" content=\"article\" \/>\n<meta property=\"og:title\" content=\"Accessibilit\u00e9 aux personnes en situation de handicap - Forma Beauty\" \/>\n<meta property=\"og:description\" content=\"Formabeauty vous informe \u00e0 propos de l&#039;accessibilit\u00e9 aux personnes en situation de handicap\" \/>\n<meta property=\"og:url\" content=\"https:\/\/www.forma-beauty.fr\/index.php\/a-propos\/accessibilite-aux-personnes-situation-handicap\/\" \/>\n<meta property=\"og:site_name\" content=\"Forma Beauty\" \/>\n<meta property=\"article:modified_time\" content=\"2025-04-18T12:50:14+00:00\" \/>\n<meta name=\"twitter:card\" content=\"summary_large_image\" \/>\n<meta name=\"twitter:label1\" content=\"Dur\u00e9e de lecture estim\u00e9e\" \/>\n\t<meta name=\"twitter:data1\" content=\"1 minute\" \/>\n<script type=\"application\/ld+json\" class=\"yoast-schema-graph\">{\"@context\":\"https:\\\/\\\/schema.org\",\"@graph\":[{\"@type\":\"WebPage\",\"@id\":\"https:\\\/\\\/www.forma-beauty.fr\\\/index.php\\\/a-propos\\\/accessibilite-aux-personnes-situation-handicap\\\/\",\"url\":\"https:\\\/\\\/www.forma-beauty.fr\\\/index.php\\\/a-propos\\\/accessibilite-aux-personnes-situation-handicap\\\/\",\"name\":\"Accessibilit\u00e9 aux personnes en situation de handicap - Forma Beauty\",\"isPartOf\":{\"@id\":\"https:\\\/\\\/www.forma-beauty.fr\\\/#website\"},\"datePublished\":\"2022-03-14T15:22:41+00:00\",\"dateModified\":\"2025-04-18T12:50:14+00:00\",\"description\":\"Formabeauty vous informe \u00e0 propos de l'accessibilit\u00e9 aux personnes en situation de handicap\",\"breadcrumb\":{\"@id\":\"https:\\\/\\\/www.forma-beauty.fr\\\/index.php\\\/a-propos\\\/accessibilite-aux-personnes-situation-handicap\\\/#breadcrumb\"},\"inLanguage\":\"fr-FR\",\"potentialAction\":[{\"@type\":\"ReadAction\",\"target\":[\"https:\\\/\\\/www.forma-beauty.fr\\\/index.php\\\/a-propos\\\/accessibilite-aux-personnes-situation-handicap\\\/\"]}]},{\"@type\":\"BreadcrumbList\",\"@id\":\"https:\\\/\\\/www.forma-beauty.fr\\\/index.php\\\/a-propos\\\/accessibilite-aux-personnes-situation-handicap\\\/#breadcrumb\",\"itemListElement\":[{\"@type\":\"ListItem\",\"position\":1,\"name\":\"Accueil\",\"item\":\"https:\\\/\\\/www.forma-beauty.fr\\\/\"},{\"@type\":\"ListItem\",\"position\":2,\"name\":\"\u00c0 propos\",\"item\":\"https:\\\/\\\/www.forma-beauty.fr\\\/index.php\\\/a-propos\\\/\"},{\"@type\":\"ListItem\",\"position\":3,\"name\":\"Accessibilit\u00e9 aux personnes en situation de handicap\"}]},{\"@type\":\"WebSite\",\"@id\":\"https:\\\/\\\/www.forma-beauty.fr\\\/#website\",\"url\":\"https:\\\/\\\/www.forma-beauty.fr\\\/\",\"name\":\"Forma Beauty\",\"description\":\"Centre de formation Beaut\u00e9\",\"potentialAction\":[{\"@type\":\"SearchAction\",\"target\":{\"@type\":\"EntryPoint\",\"urlTemplate\":\"https:\\\/\\\/www.forma-beauty.fr\\\/?s={search_term_string}\"},\"query-input\":{\"@type\":\"PropertyValueSpecification\",\"valueRequired\":true,\"valueName\":\"search_term_string\"}}],\"inLanguage\":\"fr-FR\"}]}<\/script>\n<!-- \/ Yoast SEO plugin. -->","yoast_head_json":{"title":"Accessibilit\u00e9 aux personnes en situation de handicap - Forma Beauty","description":"Formabeauty vous informe \u00e0 propos de l'accessibilit\u00e9 aux personnes en situation de handicap","robots":{"index":"index","follow":"follow","max-snippet":"max-snippet:-1","max-image-preview":"max-image-preview:large","max-video-preview":"max-video-preview:-1"},"canonical":"https:\/\/www.forma-beauty.fr\/index.php\/a-propos\/accessibilite-aux-personnes-situation-handicap\/","og_locale":"fr_FR","og_type":"article","og_title":"Accessibilit\u00e9 aux personnes en situation de handicap - Forma Beauty","og_description":"Formabeauty vous informe \u00e0 propos de l'accessibilit\u00e9 aux personnes en situation de handicap","og_url":"https:\/\/www.forma-beauty.fr\/index.php\/a-propos\/accessibilite-aux-personnes-situation-handicap\/","og_site_name":"Forma Beauty","article_modified_time":"2025-04-18T12:50:14+00:00","twitter_card":"summary_large_image","twitter_misc":{"Dur\u00e9e de lecture estim\u00e9e":"1 minute"},"schema":{"@context":"https:\/\/schema.org","@graph":[{"@type":"WebPage","@id":"https:\/\/www.forma-beauty.fr\/index.php\/a-propos\/accessibilite-aux-personnes-situation-handicap\/","url":"https:\/\/www.forma-beauty.fr\/index.php\/a-propos\/accessibilite-aux-personnes-situation-handicap\/","name":"Accessibilit\u00e9 aux personnes en situation de handicap - Forma Beauty","isPartOf":{"@id":"https:\/\/www.forma-beauty.fr\/#website"},"datePublished":"2022-03-14T15:22:41+00:00","dateModified":"2025-04-18T12:50:14+00:00","description":"Formabeauty vous informe \u00e0 propos de l'accessibilit\u00e9 aux personnes en situation de handicap","breadcrumb":{"@id":"https:\/\/www.forma-beauty.fr\/index.php\/a-propos\/accessibilite-aux-personnes-situation-handicap\/#breadcrumb"},"inLanguage":"fr-FR","potentialAction":[{"@type":"ReadAction","target":["https:\/\/www.forma-beauty.fr\/index.php\/a-propos\/accessibilite-aux-personnes-situation-handicap\/"]}]},{"@type":"BreadcrumbList","@id":"https:\/\/www.forma-beauty.fr\/index.php\/a-propos\/accessibilite-aux-personnes-situation-handicap\/#breadcrumb","itemListElement":[{"@type":"ListItem","position":1,"name":"Accueil","item":"https:\/\/www.forma-beauty.fr\/"},{"@type":"ListItem","position":2,"name":"\u00c0 propos","item":"https:\/\/www.forma-beauty.fr\/index.php\/a-propos\/"},{"@type":"ListItem","position":3,"name":"Accessibilit\u00e9 aux personnes en situation de handicap"}]},{"@type":"WebSite","@id":"https:\/\/www.forma-beauty.fr\/#website","url":"https:\/\/www.forma-beauty.fr\/","name":"Forma Beauty","description":"Centre de formation Beaut\u00e9","potentialAction":[{"@type":"SearchAction","target":{"@type":"EntryPoint","urlTemplate":"https:\/\/www.forma-beauty.fr\/?s={search_term_string}"},"query-input":{"@type":"PropertyValueSpecification","valueRequired":true,"valueName":"search_term_string"}}],"inLanguage":"fr-FR"}]}},"_links":{"self":[{"href":"https:\/\/www.forma-beauty.fr\/index.php\/wp-json\/wp\/v2\/pages\/2797","targetHints":{"allow":["GET"]}}],"collection":[{"href":"https:\/\/www.forma-beauty.fr\/index.php\/wp-json\/wp\/v2\/pages"}],"about":[{"href":"https:\/\/www.forma-beauty.fr\/index.php\/wp-json\/wp\/v2\/types\/page"}],"author":[{"embeddable":true,"href":"https:\/\/www.forma-beauty.fr\/index.php\/wp-json\/wp\/v2\/users\/5"}],"replies":[{"embeddable":true,"href":"https:\/\/www.forma-beauty.fr\/index.php\/wp-json\/wp\/v2\/comments?post=2797"}],"version-history":[{"count":4,"href":"https:\/\/www.forma-beauty.fr\/index.php\/wp-json\/wp\/v2\/pages\/2797\/revisions"}],"predecessor-version":[{"id":5251,"href":"https:\/\/www.forma-beauty.fr\/index.php\/wp-json\/wp\/v2\/pages\/2797\/revisions\/5251"}],"up":[{"embeddable":true,"href":"https:\/\/www.forma-beauty.fr\/index.php\/wp-json\/wp\/v2\/pages\/7"}],"wp:attachment":[{"href":"https:\/\/www.forma-beauty.fr\/index.php\/wp-json\/wp\/v2\/media?parent=2797"}],"curies":[{"name":"wp","href":"https:\/\/api.w.org\/{rel}","templated":true}]}}