{"id":4808,"date":"2024-08-30T17:09:00","date_gmt":"2024-08-30T15:09:00","guid":{"rendered":"https:\/\/www.forma-beauty.fr\/?post_type=dt_testimonials&#038;p=4808"},"modified":"2024-12-19T17:09:35","modified_gmt":"2024-12-19T16:09:35","slug":"clara","status":"publish","type":"dt_testimonials","link":"https:\/\/www.forma-beauty.fr\/index.php\/dt_testimonials\/clara\/","title":{"rendered":"Clara"},"content":{"rendered":"\n<p>Merci \u00e0 Sahbia et \u00e0 Forma Beauty pour cette belle formation. Les cours sont complets, et la partie pratique est tr\u00e8s bien encadr\u00e9e. Je me sens pr\u00eate \u00e0 lancer mon activit\u00e9 en microblading.<\/p>\n\n\n\n<p>Avis de Clara Morel, le 30 ao\u00fbt 2024<\/p>\n","protected":false},"excerpt":{"rendered":"<p>Merci \u00e0 Sahbia et \u00e0 Forma Beauty pour cette belle formation. Les cours sont complets, et la partie pratique est tr\u00e8s bien encadr\u00e9e. Je me sens pr\u00eate \u00e0 lancer mon activit\u00e9 en microblading. Avis de Clara Morel, le 30 ao\u00fbt 2024<\/p>\n","protected":false},"featured_media":0,"template":"","dt_testimonials_category":[],"class_list":["post-4808","dt_testimonials","type-dt_testimonials","status-publish","hentry","description-off"],"yoast_head":"<!-- This site is optimized with the Yoast SEO plugin v27.4 - https:\/\/yoast.com\/product\/yoast-seo-wordpress\/ -->\n<title>Clara - Forma Beauty<\/title>\n<meta name=\"robots\" content=\"index, follow, max-snippet:-1, max-image-preview:large, max-video-preview:-1\" \/>\n<link rel=\"canonical\" href=\"https:\/\/www.forma-beauty.fr\/index.php\/dt_testimonials\/clara\/\" \/>\n<meta property=\"og:locale\" content=\"fr_FR\" \/>\n<meta property=\"og:type\" content=\"article\" \/>\n<meta property=\"og:title\" content=\"Clara - Forma Beauty\" \/>\n<meta property=\"og:description\" content=\"Merci \u00e0 Sahbia et \u00e0 Forma Beauty pour cette belle formation. Les cours sont complets, et la partie pratique est tr\u00e8s bien encadr\u00e9e. Je me sens pr\u00eate \u00e0 lancer mon activit\u00e9 en microblading. Avis de Clara Morel, le 30 ao\u00fbt 2024\" \/>\n<meta property=\"og:url\" content=\"https:\/\/www.forma-beauty.fr\/index.php\/dt_testimonials\/clara\/\" \/>\n<meta property=\"og:site_name\" content=\"Forma Beauty\" \/>\n<meta property=\"article:modified_time\" content=\"2024-12-19T16:09:35+00:00\" \/>\n<meta name=\"twitter:card\" content=\"summary_large_image\" \/>\n<meta name=\"twitter:label1\" content=\"Dur\u00e9e de lecture estim\u00e9e\" \/>\n\t<meta name=\"twitter:data1\" content=\"1 minute\" \/>\n<script type=\"application\/ld+json\" class=\"yoast-schema-graph\">{\"@context\":\"https:\\\/\\\/schema.org\",\"@graph\":[{\"@type\":\"WebPage\",\"@id\":\"https:\\\/\\\/www.forma-beauty.fr\\\/index.php\\\/dt_testimonials\\\/clara\\\/\",\"url\":\"https:\\\/\\\/www.forma-beauty.fr\\\/index.php\\\/dt_testimonials\\\/clara\\\/\",\"name\":\"Clara - Forma Beauty\",\"isPartOf\":{\"@id\":\"https:\\\/\\\/www.forma-beauty.fr\\\/#website\"},\"datePublished\":\"2024-08-30T15:09:00+00:00\",\"dateModified\":\"2024-12-19T16:09:35+00:00\",\"breadcrumb\":{\"@id\":\"https:\\\/\\\/www.forma-beauty.fr\\\/index.php\\\/dt_testimonials\\\/clara\\\/#breadcrumb\"},\"inLanguage\":\"fr-FR\",\"potentialAction\":[{\"@type\":\"ReadAction\",\"target\":[\"https:\\\/\\\/www.forma-beauty.fr\\\/index.php\\\/dt_testimonials\\\/clara\\\/\"]}]},{\"@type\":\"BreadcrumbList\",\"@id\":\"https:\\\/\\\/www.forma-beauty.fr\\\/index.php\\\/dt_testimonials\\\/clara\\\/#breadcrumb\",\"itemListElement\":[{\"@type\":\"ListItem\",\"position\":1,\"name\":\"Accueil\",\"item\":\"https:\\\/\\\/www.forma-beauty.fr\\\/\"},{\"@type\":\"ListItem\",\"position\":2,\"name\":\"T\u00e9moignages\",\"item\":\"https:\\\/\\\/www.forma-beauty.fr\\\/index.php\\\/dt_testimonials\\\/\"},{\"@type\":\"ListItem\",\"position\":3,\"name\":\"Clara\"}]},{\"@type\":\"WebSite\",\"@id\":\"https:\\\/\\\/www.forma-beauty.fr\\\/#website\",\"url\":\"https:\\\/\\\/www.forma-beauty.fr\\\/\",\"name\":\"Forma Beauty\",\"description\":\"Centre de formation Beaut\u00e9\",\"potentialAction\":[{\"@type\":\"SearchAction\",\"target\":{\"@type\":\"EntryPoint\",\"urlTemplate\":\"https:\\\/\\\/www.forma-beauty.fr\\\/?s={search_term_string}\"},\"query-input\":{\"@type\":\"PropertyValueSpecification\",\"valueRequired\":true,\"valueName\":\"search_term_string\"}}],\"inLanguage\":\"fr-FR\"}]}<\/script>\n<!-- \/ Yoast SEO plugin. -->","yoast_head_json":{"title":"Clara - Forma Beauty","robots":{"index":"index","follow":"follow","max-snippet":"max-snippet:-1","max-image-preview":"max-image-preview:large","max-video-preview":"max-video-preview:-1"},"canonical":"https:\/\/www.forma-beauty.fr\/index.php\/dt_testimonials\/clara\/","og_locale":"fr_FR","og_type":"article","og_title":"Clara - Forma Beauty","og_description":"Merci \u00e0 Sahbia et \u00e0 Forma Beauty pour cette belle formation. Les cours sont complets, et la partie pratique est tr\u00e8s bien encadr\u00e9e. Je me sens pr\u00eate \u00e0 lancer mon activit\u00e9 en microblading. Avis de Clara Morel, le 30 ao\u00fbt 2024","og_url":"https:\/\/www.forma-beauty.fr\/index.php\/dt_testimonials\/clara\/","og_site_name":"Forma Beauty","article_modified_time":"2024-12-19T16:09:35+00:00","twitter_card":"summary_large_image","twitter_misc":{"Dur\u00e9e de lecture estim\u00e9e":"1 minute"},"schema":{"@context":"https:\/\/schema.org","@graph":[{"@type":"WebPage","@id":"https:\/\/www.forma-beauty.fr\/index.php\/dt_testimonials\/clara\/","url":"https:\/\/www.forma-beauty.fr\/index.php\/dt_testimonials\/clara\/","name":"Clara - Forma Beauty","isPartOf":{"@id":"https:\/\/www.forma-beauty.fr\/#website"},"datePublished":"2024-08-30T15:09:00+00:00","dateModified":"2024-12-19T16:09:35+00:00","breadcrumb":{"@id":"https:\/\/www.forma-beauty.fr\/index.php\/dt_testimonials\/clara\/#breadcrumb"},"inLanguage":"fr-FR","potentialAction":[{"@type":"ReadAction","target":["https:\/\/www.forma-beauty.fr\/index.php\/dt_testimonials\/clara\/"]}]},{"@type":"BreadcrumbList","@id":"https:\/\/www.forma-beauty.fr\/index.php\/dt_testimonials\/clara\/#breadcrumb","itemListElement":[{"@type":"ListItem","position":1,"name":"Accueil","item":"https:\/\/www.forma-beauty.fr\/"},{"@type":"ListItem","position":2,"name":"T\u00e9moignages","item":"https:\/\/www.forma-beauty.fr\/index.php\/dt_testimonials\/"},{"@type":"ListItem","position":3,"name":"Clara"}]},{"@type":"WebSite","@id":"https:\/\/www.forma-beauty.fr\/#website","url":"https:\/\/www.forma-beauty.fr\/","name":"Forma Beauty","description":"Centre de formation Beaut\u00e9","potentialAction":[{"@type":"SearchAction","target":{"@type":"EntryPoint","urlTemplate":"https:\/\/www.forma-beauty.fr\/?s={search_term_string}"},"query-input":{"@type":"PropertyValueSpecification","valueRequired":true,"valueName":"search_term_string"}}],"inLanguage":"fr-FR"}]}},"_links":{"self":[{"href":"https:\/\/www.forma-beauty.fr\/index.php\/wp-json\/wp\/v2\/dt_testimonials\/4808","targetHints":{"allow":["GET"]}}],"collection":[{"href":"https:\/\/www.forma-beauty.fr\/index.php\/wp-json\/wp\/v2\/dt_testimonials"}],"about":[{"href":"https:\/\/www.forma-beauty.fr\/index.php\/wp-json\/wp\/v2\/types\/dt_testimonials"}],"wp:attachment":[{"href":"https:\/\/www.forma-beauty.fr\/index.php\/wp-json\/wp\/v2\/media?parent=4808"}],"wp:term":[{"taxonomy":"dt_testimonials_category","embeddable":true,"href":"https:\/\/www.forma-beauty.fr\/index.php\/wp-json\/wp\/v2\/dt_testimonials_category?post=4808"}],"curies":[{"name":"wp","href":"https:\/\/api.w.org\/{rel}","templated":true}]}}

<p>Merci à Sahbia et à Forma Beauty pour cette belle formation. Les cours sont complets, et la partie pratique est très bien encadrée. Je me sens prête à lancer mon activité en microblading.</p>



<p>Avis de Clara Morel, le 30 août 2024</p>

<p>Merci à Sahbia et à Forma Beauty pour cette belle formation. Les cours sont complets, et la partie pratique est très bien encadrée. Je me sens prête à lancer mon activité en microblading. Avis de Clara Morel, le 30 août 2024</p>

<!-- This site is optimized with the Yoast SEO plugin v27.4 - https://yoast.com/product/yoast-seo-wordpress/ -->
<title>Clara - Forma Beauty</title>
<meta name="robots" content="index, follow, max-snippet:-1, max-image-preview:large, max-video-preview:-1" />
<link rel="canonical" href="https://www.forma-beauty.fr/index.php/dt_testimonials/clara/" />
<meta property="og:locale" content="fr_FR" />
<meta property="og:type" content="article" />
<meta property="og:title" content="Clara - Forma Beauty" />
<meta property="og:description" content="Merci à Sahbia et à Forma Beauty pour cette belle formation. Les cours sont complets, et la partie pratique est très bien encadrée. Je me sens prête à lancer mon activité en microblading. Avis de Clara Morel, le 30 août 2024" />
<meta property="og:url" content="https://www.forma-beauty.fr/index.php/dt_testimonials/clara/" />
<meta property="og:site_name" content="Forma Beauty" />
<meta property="article:modified_time" content="2024-12-19T16:09:35+00:00" />
<meta name="twitter:card" content="summary_large_image" />
<meta name="twitter:label1" content="Durée de lecture estimée" />
	<meta name="twitter:data1" content="1 minute" />
<script type="application/ld+json" class="yoast-schema-graph">{"@context":"https:\/\/schema.org","@graph":[{"@type":"WebPage","@id":"https:\/\/www.forma-beauty.fr\/index.php\/dt_testimonials\/clara\/","url":"https:\/\/www.forma-beauty.fr\/index.php\/dt_testimonials\/clara\/","name":"Clara - Forma Beauty","isPartOf":{"@id":"https:\/\/www.forma-beauty.fr\/#website"},"datePublished":"2024-08-30T15:09:00+00:00","dateModified":"2024-12-19T16:09:35+00:00","breadcrumb":{"@id":"https:\/\/www.forma-beauty.fr\/index.php\/dt_testimonials\/clara\/#breadcrumb"},"inLanguage":"fr-FR","potentialAction":[{"@type":"ReadAction","target":["https:\/\/www.forma-beauty.fr\/index.php\/dt_testimonials\/clara\/"]}]},{"@type":"BreadcrumbList","@id":"https:\/\/www.forma-beauty.fr\/index.php\/dt_testimonials\/clara\/#breadcrumb","itemListElement":[{"@type":"ListItem","position":1,"name":"Accueil","item":"https:\/\/www.forma-beauty.fr\/"},{"@type":"ListItem","position":2,"name":"Témoignages","item":"https:\/\/www.forma-beauty.fr\/index.php\/dt_testimonials\/"},{"@type":"ListItem","position":3,"name":"Clara"}]},{"@type":"WebSite","@id":"https:\/\/www.forma-beauty.fr\/#website","url":"https:\/\/www.forma-beauty.fr\/","name":"Forma Beauty","description":"Centre de formation Beauté","potentialAction":[{"@type":"SearchAction","target":{"@type":"EntryPoint","urlTemplate":"https:\/\/www.forma-beauty.fr\/?s={search_term_string}"},"query-input":{"@type":"PropertyValueSpecification","valueRequired":true,"valueName":"search_term_string"}}],"inLanguage":"fr-FR"}]}</script>
<!-- / Yoast SEO plugin. -->

Merci à Sahbia et à Forma Beauty pour cette belle formation. Les cours sont complets, et la partie pratique est très bien encadrée. Je me sens prête à lancer mon activité en microblading. Avis de Clara Morel, le 30 août 2024

Témoignages

Centre de formation Beauté
